hen u is divided by 48.
37
Let y(r) = 2*r**3 + 2*r**2 - 2*r + 5. What is the remainder when 1487 is divided by y(3)?
67
Let a = 133 + -91. Suppose 0 = -0*x - 10*x - 120. Let d = a + x. What is the remainder when 58 is divided by d?
28
Suppose 0 = -5*c + 5*k + 15, 3 = 4*k - 1. Let v(b) = b**3 - 2*b**2 - 6*b + 3. Let q(g) = g**3 - g + 29. What is the remainder when q(0) is divided by v(c)?
7
Suppose 2*x = 292 + 274. Calculate the remainder when x is divided by 48.
43
Suppose -2*o - 39*f + 56 = -38*f, -f - 74 = -3*o. Calculate the remainder when 72 is divided by o.
20
Suppose -3*l + 39 = 2*c + c, 4*c - 5*l = 52. Let w = -67 - -130. Calculate the remainder when w is divided by c.
11
Suppose 0 = -2*f + 1239 - 533. Calculate the remainder when f is divided by 51.
47
Suppose -1 + 6 = j. Suppose -15 = -j*z + 30. Calculate the remainder when z is divided by 5.
4
Suppose 3*t + 263 = -5*c, 5*t - c + 38 = -419. Let q = t - -141. Let s = -24 + q. Calculate the remainder when s is divided by 7.
5
Calculate the remainder when 112 + (-1)/(1/3) is divided by (3*12/72)/((-2)/(-56)).
11
What is the remainder when (-2)/(-6) - 1432/(-24) is divided by 25?
10
Suppose -46 - 2837 = -31*x. What is the remainder when x is divided by 16?
13
Suppose -5*f - 203 = -178, -4*w + 2*f + 70 = 0. What is the remainder when 121 is divided by w?
1
Let r be (-3)/6*12/(-2). Suppose -t + 4*t + 47 = m, -r*t - 52 = -2*m. What is the remainder when 22 is divided by (-54)/t - 1/(-7)?
2
Calculate the remainder when 172 - ((-48)/3 + 5) is divided by 49.
36
Suppose 46*n - 137*n = -51*n - 520. Let g(w) be the second derivative of w**4/12 + w**3/2 - 2*w**2 + w. What is the remainder when g(4) is divided by n?
11
Let o(g) = -g**3 - 7*g**2 + g - 28. What is the remainder when 222 is divided by o(-8)?
26
Let f(z) = 4*z - 6*z**2 + 7*z**2 + 25 + 4*z. Let l = 20 - 6. What is the remainder when l is divided by f(-4)?
5
Let y(i) = 9*i**3 - 3*i**2 + 2*i - 6. Let x be y(3). Let u be (-6)/(-15) - x/(-10). Suppose -2*q + u + 2 = 0. Calculate the remainder when 34 is divided by q.
10
What is the remainder when 0 + -1 + 1410/5 + -7 is divided by 36?
22
Let k(i) = 10*i**3 + 4*i**2 - 3*i + 1. Calculate the remainder when 34 is divided by k(1).
10
Suppose -9*t = -12*t + 261. Suppose 8*d = 5*d + t. Calculate the remainder when 57 is divided by d.
28
Let v(p) = -55*p - 425. What is the remainder when v(-12) is divided by 70?
25
Let r be 201/5 - (-6)/(-30). Suppose -5*c + 180 = -r. What is the remainder when 13 is divided by (-10)/30 + c/6?
6
Suppose 2*v - 5*w - 1 = -0, -3*v + 3*w + 15 = 0. Suppose -6*u + 3 = -4*i - u, 3*i - 5*u + 6 = 0. What is the remainder when v is divided by i?
2
Suppose 4 = o - 15. Let q = -757 + 764. Calculate the remainder when o is divided by q.
5
Suppose 0 = 3*a - 2*p - 14, -4*a + p = -2*p - 18. What is the remainder when 16 is divided by a?
4
Let t = -615 + 644. Calculate the remainder when 511 is divided by t.
18
Let c = -1658 - -1697. Calculate the remainder when c is divided by 34/4 + 4/(-8).
7
Let s(r) = 10*r**3 - 8*r**2 - 2*r - 7. Let c(b) = -b**3 + b**2 - b. Let w(t) = -4*c(t) - s(t). What is the remainder when w(-2) is divided by 16?
11
Let m = -9 - -12. Suppose 0 = 2*p - 5*j - 84, j + m*j = 0. Suppose -4*n = -2*f + 19 + 3, -3*n + 66 = 4*f. What is the remainder when p is divided by f?
12
Let y be ((-26)/4 + 7)/(1/(-388)). What is the remainder when -1 - y/2 - -5 is divided by 17?
16
Suppose 0 = 4*r - l - 0*l - 20, -4*r - 4*l = 0. Suppose -8 - 19 = m. Let h = m + 36. Calculate the remainder when h is divided by r.
1
Let y be -2 - (6/(-39) - (-1638)/(-338)). Let k be (-3)/2*44/2. Let a = y - k. Calculate the remainder when 70 is divided by a.
34
Let p(z) be the second derivative of z**3/2 - 3*z**2/2 + z. Let r be p(-8). Let x = -11 - r. What is the remainder when 30 is divided by x?
14
Suppose -3*x = -4*f + 356, -2*x + 4*f - 98 = 138. Let g = -117 - x. What is the remainder when 38 is divided by g?
2
Let x be (-6)/(-4)*(0 - (-294)/(-9)). Let t = 85 + x. What is the remainder when t is divided by 17?
2
Let q(u) = -129*u + 1. What is the remainder when q(-1) is divided by 118?
12
Let r be 3 - ((-6)/(-2) - -1). Let z be (5/(-5))/(r/(-23)). Let m = -21 - z. What is the remainder when 7 is divided by m?
1
Let i = 1349 + -1284. What is the remainder when 155 is divided by i?
25
Let f = -20 + -4. What is the remainder when ((-8)/(-6) - 0 - 2)*f is divided by 9?
7
Let b(l) = -58*l**2 + 4*l - 3. Let n be b(2). Let c = 352 + n. Let a = c - 71. Calculate the remainder when a is divided by 19.
16
Suppose 0 = -24*f + 19*f + 30. Suppose p + 3 = 3*y - 29, 0 = -3*p - 15. Suppose -5 = 2*u - y. What is the remainder when f is divided by u?
0
Let v be ((-7)/(-21))/((-2)/78). Let h(j) = -3*j - 4. What is the remainder when h(v) is divided by 12?
11
Suppose -4*p = -3*g + 322 - 987, -3*p + 5*g = -496. What is the remainder when p is divided by 12?
11
Suppose 2*k - 2 = -6, 4*g = 2*k + 84. What is the remainder when g is divided by 5*((-348)/(-60) + -1 + -2)?
6
Let r = 12789 + -12551. Let t(g) = 2*g**2 + 4*g. What is the remainder when r is divided by t(-6)?
46
Let h(d) = -6*d + 251. Calculate the remainder when h(31) is divided by 21.
2
Suppose 0 = -10*h + 12*h - 126. What is the remainder when h is divided by 28?
7
Suppose -258 = -71*g + 1020. What is the remainder when 1305 is divided by g?
9
Let g be (-2 + (-5)/10)/((-2)/(-8)). Calculate the remainder when 43 is divided by (2 + -17)*6/g.
7
Suppose 4*d - 136 = 284. What is the remainder when d is divided by 55?
50
Let q = -13 - 29. Let h = q + 47. What is the remainder when 13 is divided by h?
3
Let l = -113 - -794. Calculate the remainder when l is divided by 38.
35
Let f = 643 - -270. What is the remainder when f is divided by 102?
97
Let k = 966 + -911. Calculate the remainder when 95 is divided by k.
40
Suppose 270*v = 293*v - 322. Calculate the remainder when 155 is divided by v.
1
Let u(n) = -n**2 - 19*n - 12. Let v be u(-17). Suppose 0 = 4*a + 16, 2*m - 4*m + a = -v. Calculate the remainder when 9 is divided by m.
0
Suppose -12*m + 36 + 132 = 0. Calculate the remainder when 458 is divided by m.
10
What is the remainder when 732 is divided by (-4069)/(-273) - (4 - 86/21)?
12
Let f be 0 - (1 + 0 - 1). Suppose f = 3*y + 2*y - 200. Suppose 5*u = d + d + 73, 5*d + y = 3*u. Calculate the remainder when 28 is divided by u.
13
Suppose -2*v + v + 78 = o, -305 = -4*v + 3*o. What is the remainder when 234 is divided by v?
3
Suppose -5*v = -3*j - 6*v - 9, 5*j + 5*v = -15. Calculate the remainder when 964/13 + 430/(-2795) is divided by j*5*(-1)/1.
14
Let w(n) = n**2 + n + 9. Let l be w(0). Let v(t) = 3*t - 7. Let f be v(l). Suppose -4*a + f = -0. Calculate the remainder when 17 is divided by a.
2
Let v(p) = -p**2 - 34*p + 80. Calculate the remainder when v(-28) is divided by 83.
82
What is the remainder when 1*(-8 - -7)*-697 is divided by 25?
22
Let g be 24/(-12) + -39 + -1. Let u = g - -55. Calculate the remainder when 62 is divided by u.
10
Suppose -5*h - q + 11 = -13, -h + 8 = q. Suppose 2*y - 2*d = -14, 0 = -2*y - 5*d + 8 + 6. Calculate the remainder when 18 is divided by 11 - (y + h + -1).
7
Suppose l = -2*s + 9, 4 = -l - 3*s + 14. Calculate the remainder when 13 is divided by l.
6
Let c = -173 + 478. Calculate the remainder when c is divided by 42.
11
Let t = -171 - -186. Calculate the remainder when 29 is divided by t.
14
Suppose -229*r + 3434 = -195*r. What is the remainder when 201 is divided by r?
100
Let b = 94 - 92. Suppose -b*q + 40 = 8*q. Calculate the remainder when 9 is divided by q.
1
Let j be (-3)/((-8)/(32/(-12))). Calculate the remainder when 78 is divided by ((0 - -1)/j)/(5/(-80)).
14
Suppose 5*g + 22 + 8 = 0. Let j(x) = -7*x - 7. Let d = 4834 - 4816. What is the remainder when j(g) is divided by d?
17
Let a(s) = s**3 + s**2 - 1. Let q be a(3). Suppose t - q = -10. Calculate the remainder when 49 is divided by t.
24
Let l = -289 + 324. What is the remainder when 127 is divided by l?
22
Let a be 0/2*(0 - -1). Suppose a = -5*x + 6*b - 2*b - 28, 5*x = 5*b - 30. Calculate the remainder when 26 is divided by 52/6 - x/12.
8
Suppose -2*a + 196 = -4*y, -58*a + 62*a - 380 = 2*y. What is the remainder when a is divided by 20?
14
Let t be 1